mainder when s is divided by l?
15
Suppose 11*z - 60940 = -8*z - 3*z. Calculate the remainder when z is divided by 59.
56
Calculate the remainder when 21058 is divided by (9/(189/(-120)))/((72/84)/(-3)).
18
Let f(z) = -z**3 + 5*z**2 + 6*z + 6. Let j be f(7). Suppose -123*a - 178 - 479 = 327. Let c = a - j. What is the remainder when c is divided by 4?
2
Suppose 65 = 20*f - 735 + 180. Calculate the remainder when 511 is divided by f.
15
Calculate the remainder when 8995 is divided by (-9 + (-6)/(-1))*9/((-54)/44).
19
Suppose -4*t + 1312 = -4*y, -13*t + 18*t - 2*y - 1616 = 0. Calculate the remainder when 742 is divided by t.
102
Calculate the remainder when 392 is divided by ((-6)/(-5))/((-1263)/(-61045)).
44
Calculate the remainder when 126 is divided by (-98)/(-12)*2 + (-258)/(-387).
7
Let t = -333 + 196. Let h = -111 - t. What is the remainder when 0 + -3 - (-1 + -78) is divided by h?
24
Let u = -14071 + 14080. Calculate the remainder when 28 is divided by u.
1
Let s(y) = -24*y + 11. Let f be s(15). Let q = -232 - f. Calculate the remainder when q is divided by 7.
5
Let l(b) = 24*b + 22*b**2 + 854*b**3 + 53 - 853*b**3 + 18. Calculate the remainder when 220 is divided by l(-21).
4
Let v(b) = b**3 - 8*b**2 + 10*b - 10. Calculate the remainder when ((-70)/(-4))/(959/1644) is divided by v(7).
8
Let p(q) = -907*q + 61 - 1 + 910*q + 13. Let k be p(-17). What is the remainder when (12 - 4)/(4/k) is divided by 16?
12
Let j(k) = -3*k - 6. Let l be j(-2). Suppose -r - 15 + 125 = l. Calculate the remainder when r is divided by 16.
14
Let k = -42 + 162. What is the remainder when k is divided by ((-3)/4)/(72/192) + 65?
57
Suppose 18*w + 618*w - 37820 = 26*w. What is the remainder when 8616 is divided by w?
60
Let p(m) = -71*m + 1. Let y be p(-1). Suppose -3*f = -y - 0. Calculate the remainder when f is divided by (18/(-12))/(33/4) + 101/11.
6
Let t(m) = -33 - 3*m - 5 - 28 - 9. Calculate the remainder when 100 is divided by t(-37).
28
Suppose a = 2*i - 21, 0*i - 23 = a - 3*i. Let k(s) = -s**3 - 17*s**2 + s + 34. Calculate the remainder when 76 is divided by k(a).
8
What is the remainder when 302 is divided by (3 + -6)*-11*1?
5
Let g(j) = j**3 + 38*j**2 + 266*j - 42. Calculate the remainder when g(-19) is divided by 879.
5
Let v(j) = 150*j**2 + 728*j + 2196. Let y(k) = 2*k**2 + 12*k - 10. What is the remainder when v(-3) is divided by y(-9)?
42
Let j be (-2)/6 + 506/(-3). Let z = -81 - j. Let d(i) = 2034*i - 16257. What is the remainder when z is divided by d(8)?
13
Suppose -3*y = 2*p - 6 + 30, -2*p = -4*y - 46. What is the remainder when 28 is divided by -20*((-44)/y + -5)?
4
Let m(a) = -19*a + 51 + 3*a - 15 + a**2. Suppose 42 = 4*l - 3*v, 20*v - 19*v - 6 = 0. Calculate the remainder when 146 is divided by m(l).
20
Suppose 37 - 129 - 106 = -3*n. What is the remainder when 236 is divided by n?
38
Let h = 123 - 66. Calculate the remainder when 43 is divided by ((-19)/h)/(1/(-72)).
19
Let p = 1295 + -1236. Suppose 5*z - 63 = 62. Calculate the remainder when p is divided by z.
9
Suppose -4*p - 2*j = -18, p + 2*j + 6 = 5*p. Suppose -3*s + p*d + 285 = -0*s, -5*s + 466 = 4*d. Calculate the remainder when s is divided by 12.
10
Let f = -2183 + 2221. Calculate the remainder when 415 is divided by f.
35
Suppose 0*d - 4*d = 5*a - 94, 0 = 5*d - 5. Let v be (-96)/4*1/(-2). Calculate the remainder when a is divided by v/(-4) - 16/(-2).
3
Let g(u) = -4*u - 68. Let b be g(-17). Suppose 4*z + 0*z + 4*d - 68 = b, 4*z = 2*d + 38. What is the remainder when 30 is divided by z?
6
Let x = 3 + 7. Let m(w) = 7*w**2 - 83*w + 55. Let z(h) = -8*h**2 + 80*h - 55. Let u(c) = -4*m(c) - 3*z(c). Calculate the remainder when u(22) is divided by x.
3
Let r = 92 - 89. Suppose 345 = -r*l + 1257. Suppose -12*s + 4*s = -l. Calculate the remainder when s is divided by 3.
2
Suppose -2*k + 6*k = 2*b + 50, 3*k - 4*b - 50 = 0. Suppose k*y + 10 = 20. Calculate the remainder when 10 is divided by y.
0
Suppose 4*b - 154 = -22*s + 25*s, 3*s = 6. What is the remainder when 208 is divided by b?
8
Suppose 26 = 20*r - 174. Calculate the remainder when (-14 + 7 - -6) + r*6 is divided by 20.
19
Suppose 41*c - 96*c + 847 = -44*c. What is the remainder when c is divided by 28?
21
Let c = -399 + 387. What is the remainder when (-51 + -7)*-3*(-2)/c is divided by 5?
4
Suppose -66*q + 232 = 63*q - 125*q. What is the remainder when 107 is divided by q?
49
Let a(j) = -j**2 - 3*j + 27. Let d be a(4). Suppose -3*b - 3*s + 8 = -10, 8 = -2*b + 3*s. What is the remainder when (-1)/(-3)*30*d/(-2) is divided by b?
1
Suppose 3*w = -4*d + 1869, -6*d - 3*w = -8*d + 921. Suppose -d*o + 471*o = 66. What is the remainder when 119 is divided by o?
9
Let s = 52 + -53. Let a be s + (-5 + 6)*5/(-1). Let r(b) = b**3 + 7*b**2 + 4*b + 1. Calculate the remainder when 23 is divided by r(a).
10
Let w = -1073 + 1141. Suppose -5*c - 284 + 943 = -2*q, -c - 5*q = -148. What is the remainder when c is divided by w?
65
Let w(q) = 73*q**2 - 57*q + 62. Calculate the remainder when w(9) is divided by 3.
2
Let j = 1651 + 51774. Calculate the remainder when (-3)/11 + j/275 is divided by 67.
60
Let o(g) = -2*g - 31. Let m be o(-17). Suppose 2*q = 6*h - m*h + 25, -15 = 3*h. Calculate the remainder when 11 is divided by q.
1
Let t = 175 - 171. Suppose t*o + 5*k = 195, -261 + 11 = -5*o - 5*k. What is the remainder when 437 is divided by o?
52
Suppose 0 = -4*h + 7*h - 255. Suppose 88*f = h*f + 27. Let b = 26 - f. What is the remainder when b is divided by 16?
1
Suppose 0 = 16*m + 2*m. Suppose -12*g + 11*g - l + 21 = m, 4*g - 5*l = 57. What is the remainder when g is divided by 11?
7
Let c(f) be the second derivative of -13*f**3/6 + 103*f**2/2 + 10*f - 3. What is the remainder when 513 is divided by c(7)?
9
Let s(q) = 109*q**2 + 49*q + 137. What is the remainder when s(-3) is divided by 22?
3
Suppose 3*n = 3*m - 249, 58*m - n = 59*m - 83. Let g = 3 - -14. Calculate the remainder when m is divided by g.
15
Let o = -249 + 265. Let x = 9 + -10. Let c = x - -7. What is the remainder when o is divided by c?
4
Let l = 1597 + -1585. What is the remainder when 683 is divided by l?
11
Let k be (8 - 872/16)*20/(-6). Suppose 3*s = n + 52, 4*n + k + 36 = -5*s. Let f = 92 + n. What is the remainder when f is divided by 18?
7
Suppose -10*t + 1386 = -2686 + 742. What is the remainder when t is divided by 23?
11
Let o(r) = 7*r - 1 + 38*r**2 + 7 - 2*r. Suppose 0 = 81*c - 82*c - 2. What is the remainder when o(c) is divided by 25?
23
Suppose -j + 4 = -394 - 588. Calculate the remainder when j is divided by 124.
118
Suppose f + 437 = 5*h, -h - 802 = 3*f - 851. Let y(t) = 15*t**3 + t - 1. What is the remainder when h is divided by y(1)?
10
Suppose 0 = 3*a + x - 10, -x = -5*a + 43 - 13. Suppose 241*c = 238*c + 3. Suppose -u = c - a. Calculate the remainder when 18 is divided by u.
2
Let q = -36 - -48. Let h = -4 + q. What is the remainder when 37 is divided by (5 - 0)*(h + -6)?
7
Let j(m) = 3*m**2 - 61*m - 106. Let a be 15/25 - (-142)/5. Let x = a + -17. Calculate the remainder when x is divided by j(22).
0
Suppose -10*d + 26 = -14. Suppose 7*i - 3*i = 20. Suppose i*w - 20 = 10. What is the remainder when w is divided by d?
2
Suppose -3*z + 2*a = 24, a = -2*z + 4 - 13. Let o = -2181 - -2190. What is the remainder when o/z*(1 - 125/15) is divided by 5?
1
Suppose -4*y = -5*y + 35. Let t be (48/28)/(10/y). Suppose -t*z - a = -5*z - 41, -5*z = -4*a - 223. What is the remainder when 127 is divided by z?
41
Let u = -155 + 492. Let p = u + -302. Calculate the remainder when 49 is divided by p.
14
Let z(s) = -4*s - 3*s**3 + 0*s + 5 - 1 + 5*s - 4*s**2. Suppose -3*l - 4*p + 25 = -3, -3*p + 42 = 4*l. Calculate the remainder when z(-3) is divided by l.
10
Let g = -28 + 0. Let a = g + 46. Calculate the remainder when a is divided by 9 - (-4 - (4 + -2)/(-2)).
6
Let o = -68 - -79. Suppose o = 3*a - 34. What is the remainder when 5/a*6*2 is divided by 2?
0
Let k = 12836 + -12656. What is the remainder when 303 is divided by k?
123
Suppose s + 346 = 3*l + 1199, 2 = 2*s. Let i = l - -448. Calculate the remainder when i is divided by 84.
80
Suppose 3*w + s - 116 = 0, 5*s - 104 = -4*w + 69. Let z = -211 + 196. What is the remainder when w is divided by (-3 + 225/6)*(-10)/z?
14
Let z = 7132